{"id":64,"date":"2021-03-01T19:30:34","date_gmt":"2021-03-01T19:30:34","guid":{"rendered":"https:\/\/neu.rmelektro.ch\/?page_id=64"},"modified":"2024-03-12T05:30:42","modified_gmt":"2024-03-12T05:30:42","slug":"portrait","status":"publish","type":"page","link":"https:\/\/rmelektro.ch\/?page_id=64","title":{"rendered":"Portrait"},"content":{"rendered":"\n<h5 class=\"wp-block-heading\">Wer sind wir<\/h5>\n\n\n\n<p>Wir, die Robert Moser Elektro AG, sind seit 1978 Ihr innovativer Partner in der Elektroinstallationsbranche im Raum Bucheggberg, Messen und Umgebung. In unserem Verkaufsladen f\u00fchren wir zudem ein abwechslungsreiches Sortiment an Haushaltwaren sowie Haushalt Gross- und Kleinger\u00e4te.<\/p>\n\n\n\n<div style=\"height:24px\" aria-hidden=\"true\" class=\"wp-block-spacer\"><\/div>\n\n\n\n<h6 class=\"wp-block-heading\">Unser Team &#8211; F\u00fcr Sie im Einsatz<\/h6>\n\n\n\n<p>Mit unseren ausgewiesenen Fachleuten bieten wir Ihnen seit 1978 das Expertenwissen um Ihre individuellen W\u00fcnsche im Elektroinstallationsbereich zu realisieren. Um Ihnen nebst unserem Fachwissen die bestm\u00f6gliche Qualit\u00e4t an Material und externen Leistungen zu bieten, arbeiten wir mit sorgf\u00e4ltig ausgew\u00e4hlten und zuverl\u00e4ssigen Lieferanten und Partnern zusammen.<\/p>\n\n\n\n<figure class=\"wp-block-image size-large is-resized\"><img loading=\"lazy\" decoding=\"async\" width=\"1024\" height=\"576\" src=\"https:\/\/rmelektro.ch\/wp-content\/uploads\/2024\/02\/DSC01287-1024x576.jpg\" alt=\"\" class=\"wp-image-677\" style=\"width:564px;height:auto\" srcset=\"https:\/\/rmelektro.ch\/wp-content\/uploads\/2024\/02\/DSC01287-1024x576.jpg 1024w, https:\/\/rmelektro.ch\/wp-content\/uploads\/2024\/02\/DSC01287-300x169.jpg 300w, https:\/\/rmelektro.ch\/wp-content\/uploads\/2024\/02\/DSC01287-768x432.jpg 768w, https:\/\/rmelektro.ch\/wp-content\/uploads\/2024\/02\/DSC01287-1536x864.jpg 1536w, https:\/\/rmelektro.ch\/wp-content\/uploads\/2024\/02\/DSC01287.jpg 2048w\" sizes=\"auto, (max-width: 1024px) 100vw, 1024px\" \/><\/figure>\n\n\n\n<div style=\"height:24px\" aria-hidden=\"true\" class=\"wp-block-spacer\"><\/div>\n\n\n\n<h6 class=\"wp-block-heading\">Wir sind ein Ausbildungsbetrieb<\/h6>\n\n\n\n<p>Als Lehrbetrieb bieten wir jungen, motivierten Schulabsolventen einen interessanten und vielf\u00e4ltigen Ausbildungsplatz f\u00fcr den Beruf als Elektroinstallateur\/in EFZ.  Lust auf mehr? Dann nehmen Sie mit uns Kontakt auf, damit Sie bei uns &#8222;Elektriker-Luft&#8220; schnuppern k\u00f6nnen. Wir freuen uns auf sie!<\/p>\n\n\n\n<div style=\"height:39px\" aria-hidden=\"true\" class=\"wp-block-spacer\"><\/div>\n\n\n\n<div class=\"wp-block-columns alignwide is-layout-flex wp-container-core-columns-is-layout-9d6595d7 wp-block-columns-is-layout-flex\">\n<div class=\"wp-block-column is-layout-flow wp-block-column-is-layout-flow\" style=\"flex-basis:100%\">\n<div class=\"wp-block-columns is-layout-flex wp-container-core-columns-is-layout-9d6595d7 wp-block-columns-is-layout-flex\">\n<div class=\"wp-block-column is-layout-flow wp-block-column-is-layout-flow\">\n<figure class=\"wp-block-image size-medium\"><a href=\"https:\/\/www.elektriker.ch\/\" target=\"_blank\" rel=\"noopener\"><img loading=\"lazy\" decoding=\"async\" width=\"300\" height=\"62\" src=\"https:\/\/rmelektro.ch\/wp-content\/uploads\/2021\/03\/elektriker-logo-de-300x62.png\" alt=\"elektriker.ch\" class=\"wp-image-137\" srcset=\"https:\/\/rmelektro.ch\/wp-content\/uploads\/2021\/03\/elektriker-logo-de-300x62.png 300w, https:\/\/rmelektro.ch\/wp-content\/uploads\/2021\/03\/elektriker-logo-de.png 570w\" sizes=\"auto, (max-width: 300px) 100vw, 300px\" \/><\/a><\/figure>\n\n\n\n<p><\/p>\n<\/div>\n\n\n\n<div class=\"wp-block-column is-layout-flow wp-block-column-is-layout-flow\">\n<figure class=\"wp-block-image size-large\"><a href=\"https:\/\/www.berufsbildungplus.ch\/berufsbildungplus\/berufsbildung.html\" target=\"_blank\" rel=\"noopener\"><img loading=\"lazy\" decoding=\"async\" width=\"300\" height=\"100\" src=\"https:\/\/rmelektro.ch\/wp-content\/uploads\/2021\/03\/SBFI_300x100px_Logo_D.png\" alt=\"\" class=\"wp-image-141\"\/><\/a><\/figure>\n<\/div>\n<\/div>\n<\/div>\n<\/div>\n\n\n\n<h6 class=\"wp-block-heading\">Unser Gesch\u00e4ftsgeb\u00e4ude<\/h6>\n\n\n<div class=\"wp-block-image\">\n<figure class=\"alignleft size-large is-resized\"><img loading=\"lazy\" decoding=\"async\" width=\"1024\" height=\"550\" src=\"https:\/\/rmelektro.ch\/wp-content\/uploads\/2021\/03\/Foto-Gebaeude-RM-Elektro-scaled-e1615542491389-1024x550.jpg\" alt=\"Unsere Gesch\u00e4ft mit unserem Ladenloak\" class=\"wp-image-107\" style=\"width:658px;height:354px\" srcset=\"https:\/\/rmelektro.ch\/wp-content\/uploads\/2021\/03\/Foto-Gebaeude-RM-Elektro-scaled-e1615542491389-1024x550.jpg 1024w, https:\/\/rmelektro.ch\/wp-content\/uploads\/2021\/03\/Foto-Gebaeude-RM-Elektro-scaled-e1615542491389-300x161.jpg 300w, https:\/\/rmelektro.ch\/wp-content\/uploads\/2021\/03\/Foto-Gebaeude-RM-Elektro-scaled-e1615542491389-768x413.jpg 768w, https:\/\/rmelektro.ch\/wp-content\/uploads\/2021\/03\/Foto-Gebaeude-RM-Elektro-scaled-e1615542491389-1536x826.jpg 1536w, https:\/\/rmelektro.ch\/wp-content\/uploads\/2021\/03\/Foto-Gebaeude-RM-Elektro-scaled-e1615542491389-2048x1101.jpg 2048w\" sizes=\"auto, (max-width: 1024px) 100vw, 1024px\" \/><figcaption class=\"wp-element-caption\">Gesch\u00e4ftsgeb\u00e4ude mit unserem Laden, Werkstatt, Magazin und B\u00fcro<\/figcaption><\/figure>\n<\/div>","protected":false},"excerpt":{"rendered":"<p>Wer sind wir Wir, die Robert Moser Elektro AG, sind seit 1978 Ihr innovativer Partner in der Elektroinstallationsbranche im Raum Bucheggberg, Messen und Umgebung. In unserem Verkaufsladen f\u00fchren wir zudem ein abwechslungsreiches Sortiment an Haushaltwaren sowie Haushalt Gross- und Kleinger\u00e4te.<\/p>\n","protected":false},"author":1,"featured_media":0,"parent":0,"menu_order":0,"comment_status":"closed","ping_status":"closed","template":"","meta":{"footnotes":""},"class_list":["post-64","page","type-page","status-publish","hentry"],"_links":{"self":[{"href":"https:\/\/rmelektro.ch\/index.php?rest_route=\/wp\/v2\/pages\/64","targetHints":{"allow":["GET"]}}],"collection":[{"href":"https:\/\/rmelektro.ch\/index.php?rest_route=\/wp\/v2\/pages"}],"about":[{"href":"https:\/\/rmelektro.ch\/index.php?rest_route=\/wp\/v2\/types\/page"}],"author":[{"embeddable":true,"href":"https:\/\/rmelektro.ch\/index.php?rest_route=\/wp\/v2\/users\/1"}],"replies":[{"embeddable":true,"href":"https:\/\/rmelektro.ch\/index.php?rest_route=%2Fwp%2Fv2%2Fcomments&post=64"}],"version-history":[{"count":27,"href":"https:\/\/rmelektro.ch\/index.php?rest_route=\/wp\/v2\/pages\/64\/revisions"}],"predecessor-version":[{"id":697,"href":"https:\/\/rmelektro.ch\/index.php?rest_route=\/wp\/v2\/pages\/64\/revisions\/697"}],"wp:attachment":[{"href":"https:\/\/rmelektro.ch\/index.php?rest_route=%2Fwp%2Fv2%2Fmedia&parent=64"}],"curies":[{"name":"wp","href":"https:\/\/api.w.org\/{rel}","templated":true}]}}

<h5 class="wp-block-heading">Wer sind wir</h5>



<p>Wir, die Robert Moser Elektro AG, sind seit 1978 Ihr innovativer Partner in der Elektroinstallationsbranche im Raum Bucheggberg, Messen und Umgebung. In unserem Verkaufsladen führen wir zudem ein abwechslungsreiches Sortiment an Haushaltwaren sowie Haushalt Gross- und Kleingeräte.</p>



<div style="height:24px" aria-hidden="true" class="wp-block-spacer"></div>



<h6 class="wp-block-heading">Unser Team &#8211; Für Sie im Einsatz</h6>



<p>Mit unseren ausgewiesenen Fachleuten bieten wir Ihnen seit 1978 das Expertenwissen um Ihre individuellen Wünsche im Elektroinstallationsbereich zu realisieren. Um Ihnen nebst unserem Fachwissen die bestmögliche Qualität an Material und externen Leistungen zu bieten, arbeiten wir mit sorgfältig ausgewählten und zuverlässigen Lieferanten und Partnern zusammen.</p>



<figure class="wp-block-image size-large is-resized"><img loading="lazy" decoding="async" width="1024" height="576" src="https://rmelektro.ch/wp-content/uploads/2024/02/DSC01287-1024x576.jpg" alt="" class="wp-image-677" style="width:564px;height:auto" srcset="https://rmelektro.ch/wp-content/uploads/2024/02/DSC01287-1024x576.jpg 1024w, https://rmelektro.ch/wp-content/uploads/2024/02/DSC01287-300x169.jpg 300w, https://rmelektro.ch/wp-content/uploads/2024/02/DSC01287-768x432.jpg 768w, https://rmelektro.ch/wp-content/uploads/2024/02/DSC01287-1536x864.jpg 1536w, https://rmelektro.ch/wp-content/uploads/2024/02/DSC01287.jpg 2048w" sizes="auto, (max-width: 1024px) 100vw, 1024px" /></figure>



<div style="height:24px" aria-hidden="true" class="wp-block-spacer"></div>



<h6 class="wp-block-heading">Wir sind ein Ausbildungsbetrieb</h6>



<p>Als Lehrbetrieb bieten wir jungen, motivierten Schulabsolventen einen interessanten und vielfältigen Ausbildungsplatz für den Beruf als Elektroinstallateur/in EFZ.  Lust auf mehr? Dann nehmen Sie mit uns Kontakt auf, damit Sie bei uns &#8222;Elektriker-Luft&#8220; schnuppern können. Wir freuen uns auf sie!</p>



<div style="height:39px" aria-hidden="true" class="wp-block-spacer"></div>



<div class="wp-block-columns alignwide is-layout-flex wp-container-core-columns-is-layout-9d6595d7 wp-block-columns-is-layout-flex">
<div class="wp-block-column is-layout-flow wp-block-column-is-layout-flow" style="flex-basis:100%">
<div class="wp-block-columns is-layout-flex wp-container-core-columns-is-layout-9d6595d7 wp-block-columns-is-layout-flex">
<div class="wp-block-column is-layout-flow wp-block-column-is-layout-flow">
<figure class="wp-block-image size-medium"><a href="https://www.elektriker.ch/" target="_blank" rel="noopener"><img loading="lazy" decoding="async" width="300" height="62" src="https://rmelektro.ch/wp-content/uploads/2021/03/elektriker-logo-de-300x62.png" alt="elektriker.ch" class="wp-image-137" srcset="https://rmelektro.ch/wp-content/uploads/2021/03/elektriker-logo-de-300x62.png 300w, https://rmelektro.ch/wp-content/uploads/2021/03/elektriker-logo-de.png 570w" sizes="auto, (max-width: 300px) 100vw, 300px" /></a></figure>



<p></p>
</div>



<div class="wp-block-column is-layout-flow wp-block-column-is-layout-flow">
<figure class="wp-block-image size-large"><a href="https://www.berufsbildungplus.ch/berufsbildungplus/berufsbildung.html" target="_blank" rel="noopener"><img loading="lazy" decoding="async" width="300" height="100" src="https://rmelektro.ch/wp-content/uploads/2021/03/SBFI_300x100px_Logo_D.png" alt="" class="wp-image-141"/></a></figure>
</div>
</div>
</div>
</div>



<h6 class="wp-block-heading">Unser Geschäftsgebäude</h6>


<div class="wp-block-image">
<figure class="alignleft size-large is-resized"><img loading="lazy" decoding="async" width="1024" height="550" src="https://rmelektro.ch/wp-content/uploads/2021/03/Foto-Gebaeude-RM-Elektro-scaled-e1615542491389-1024x550.jpg" alt="Unsere Geschäft mit unserem Ladenloak" class="wp-image-107" style="width:658px;height:354px" srcset="https://rmelektro.ch/wp-content/uploads/2021/03/Foto-Gebaeude-RM-Elektro-scaled-e1615542491389-1024x550.jpg 1024w, https://rmelektro.ch/wp-content/uploads/2021/03/Foto-Gebaeude-RM-Elektro-scaled-e1615542491389-300x161.jpg 300w, https://rmelektro.ch/wp-content/uploads/2021/03/Foto-Gebaeude-RM-Elektro-scaled-e1615542491389-768x413.jpg 768w, https://rmelektro.ch/wp-content/uploads/2021/03/Foto-Gebaeude-RM-Elektro-scaled-e1615542491389-1536x826.jpg 1536w, https://rmelektro.ch/wp-content/uploads/2021/03/Foto-Gebaeude-RM-Elektro-scaled-e1615542491389-2048x1101.jpg 2048w" sizes="auto, (max-width: 1024px) 100vw, 1024px" /><figcaption class="wp-element-caption">Geschäftsgebäude mit unserem Laden, Werkstatt, Magazin und Büro</figcaption></figure>
</div>

<p>Wer sind wir Wir, die Robert Moser Elektro AG, sind seit 1978 Ihr innovativer Partner in der Elektroinstallationsbranche im Raum Bucheggberg, Messen und Umgebung. In unserem Verkaufsladen führen wir zudem ein abwechslungsreiches Sortiment an Haushaltwaren sowie Haushalt Gross- und Kleingeräte.</p>
